= 4415 - 2164. Is y composite?
False
Let o(s) = -3*s**2 + 6*s + 10. Let c be o(4). Is 20/c - -2 - 3303/(-63) prime?
True
Let v(q) = -q**3 - 11*q**2 - 15*q - 10. Let z be v(-10). Suppose -2*a + z + 30 = 0. Is a composite?
True
Suppose 3*q = q + 952. Let b = -223 + q. Is b composite?
True
Suppose -5*n = -33585 - 9130. Is n a composite number?
False
Suppose 2*k + 5*g + 7 = 0, 4*k - 4*g = 2*k - 52. Let v(o) = -61*o + 63. Is v(k) composite?
False
Is ((-2)/(-3))/(82/77613) a composite number?
False
Suppose -9*f + 10*f + 8296 = 3*w, -4*f + 5554 = 2*w. Is w a composite number?
False
Let t(a) = -7*a + 5. Let j(r) = 4*r - 2. Let g(v) = 5*j(v) + 3*t(v). Let p be g(3). Is 258/p + (0 - -2) composite?
False
Suppose -18 = 5*d - 23. Is (-1749)/d*4/36*-3 a composite number?
True
Let z(h) = 27175*h**2 + 19*h + 45. Is z(-2) a composite number?
False
Suppose 5*k - 308 = k. Suppose 2*z = 325 + k. Is z prime?
False
Suppose -2871060 = -83*n - 227759. Is n a prime number?
True
Suppose 21*o = 78732 - 27597. Is o composite?
True
Suppose 95*d - 3453 = 94*d. Is d composite?
True
Let p = 45 - 33. Let w(a) be the second derivative of a**5/20 - 11*a**4/12 + a**2/2 + a. Is w(p) a composite number?
True
Suppose -2*g = -2*b + 5674 + 7874, -2*g - 10 = 0. Is b a composite number?
True
Let l(q) = -5*q. Let n be l(-1). Suppose -n*y + 1293 = -y + 5*t, 3*y = -t + 978. Suppose -j + y = -c, 1304 = j + 3*j - 5*c. Is j prime?
True
Suppose -6*a = -2*f - 5*a + 45644, -f = 3*a - 22829. Is f composite?
True
Let n = 16 - 14. Suppose -2*h - 569 = -3*u, -n*h + 577 = 3*u - 0*h. Is u prime?
True
Is 3/(-6*((-6)/2)/15018) prime?
True
Let z be (-1)/(-2 - (-803)/402). Let a = -169 + z. Is a a composite number?
False
Suppose -3 = -0*m - m. Suppose -5*h - 2*f + 995 = -7*f, -m*h - 5*f + 629 = 0. Suppose h = 4*y - 3*y. Is y a composite number?
True
Let j = 15 + -12. Suppose -j*l - 5*o + 640 = 2*l, l - 140 = 5*o. Suppose -8*d = -3*d - l. Is d prime?
False
Let j(x) = 2084*x**2 + 22*x - 79. Is j(3) a prime number?
True
Let u be (-336)/(-98) - 3/(-7)*-1. Suppose 5*h - 662 = u*h. Is h a prime number?
True
Let l(q) = -q**2 - 6*q - 1. Let t be l(-4). Suppose -x + 3 = 1. Suppose t*i - 5*m = 4*i + 481, -x*i = 3*m - 308. Is i a prime number?
True
Suppose 7*i - 12372 = 13*i. Is 54/126 + i/(-7) prime?
False
Let p = -7711 - -12125. Is p a composite number?
True
Let j(i) = 52*i**3 + 7 + 2*i + 0*i**2 - 2*i**2 - 3*i + i**2. Is j(3) a prime number?
True
Is (-50)/(-46) - 1 - 21293753/(-3611) composite?
False
Suppose 0 = -7*q + 6*q + 13. Let l(d) = 22*d - 4*d**2 - 5*d + 3*d**2 - 5. Is l(q) composite?
False
Suppose 12*b - 227833 = -67189. Is b a prime number?
False
Is ((-1402)/2)/((-26)/182) prime?
False
Let d = 12 - 7. Suppose d*c = 3*a - 1079, 3*a - 348 = 2*a + 4*c. Let u = -241 + a. Is u a prime number?
True
Let k(c) = -988*c + 118. Let r(y) = 330*y - 39. Let x(a) = 4*k(a) + 11*r(a). Is x(-12) prime?
True
Let u(f) = 179*f - 15 - 11 + 22. Is u(7) a composite number?
False
Suppose 1634 = 6*d + 548. Is d a prime number?
True
Let w(f) be the second derivative of f**7/1260 + f**6/360 - f**5/120 + f**4/4 - 5*f. Let q(b) be the third derivative of w(b). Is q(5) a composite number?
False
Suppose -7*p = -4*p. Suppose -2*m + 8 = p, 4*d + 5*m - 1488 = -44. Suppose 38 = 2*b + 5*v - d, -2*b + 2*v = -366. Is b prime?
False
Let f(t) = 8*t**2 + 10*t + 8. Let y be f(-6). Let n = y - -215. Is n composite?
True
Suppose 3*n + 3*y = 15543, 3*n - 4*y - 2443 - 13128 = 0. Suppose 5*f - 3*f - 5195 = -3*j, -3*j - 4*f = -n. Let r = j + -584. Is r a composite number?
False
Suppose -2*n - 4*j = -22786, -1281 - 10112 = -n + 2*j. Is n prime?
True
Let h(q) = -119*q - 1. Let u(i) = -i**3 - 8*i**2 + i + 7. Let a be u(-8). Is h(a) composite?
True
Let i = -31006 - -44559. Is i a composite number?
False
Let l = 4637 - 2476. Is l prime?
True
Suppose -4*k + 5328 = y, 0*k - y - 1337 = -k. Is k prime?
False
Suppose 2306 = 2*r + 17860. Let l be 4/14 + r/(-49). Suppose -n = -4*n + l. Is n composite?
False
Suppose -n + 80 + 428 = 0. Let v = 849 - n. Is v composite?
True
Suppose -17 = -5*s + 13. Let u(t) = 0 - 1 - 43*t - s. Is u(-6) a composite number?
False
Let b be (-26)/(-5) - 8/40. Suppose -b*a + 4*a = -1669. Is a a prime number?
True
Let z = -16 - -20. Suppose z*o - 11880 = -4*o. Suppose -5*q + 5*p + o = 0, 0*p - 2*p + 1457 = 5*q. Is q composite?
False
Is (7032/(3 - 7))/(-3) composite?
True
Suppose -55*k = -46*k - 27045. Is k composite?
True
Let b(i) = 13*i**3 - 6*i**2 - 3*i + 11. Let c(q) = 2*q + 29. Let x be c(-12). Is b(x) a prime number?
True
Is (-432)/54 + 710 + -1 a composite number?
False
Let y(q) = -2 - 112*q + 0 - 12. Let z(m) = -75*m - 9. Let v(d) = -5*y(d) + 8*z(d). Is v(-3) a composite number?
True
Suppose -5*f = 2*j - 1484, -j + 3*f = 3*j - 2994. Suppose -2*p + j = 3*v, 627 - 2542 = -5*p + 2*v. Is p prime?
False
Let r(f) = -2 + 8 + 5*f - 5 - 24*f + 6*f**3 - 3*f**2. Is r(5) a prime number?
False
Let p(m) = m**2 - 3935. Let l be p(0). Is (l/20)/((-2)/8) a prime number?
True
Let f = -11 + 13. Let x be (-2 + f)*1*-1. Let g(z) = z + 35. Is g(x) composite?
True
Let g = 16460 + -9391. Is g a composite number?
False
Let n(b) = -b**3 + 9*b**2 + 9*b. Suppose 5*t - 5*d = 45, -2*t + 7 = -5*d - 20. Let g be t + 2*3/6. Is n(g) prime?
False
Suppose -4*p = 3*a - 6139, 9*p = -2*a + 13*p + 4066. Is a a prime number?
False
Suppose -43 = -r + 5*y, y = -3*r - 40 + 249. Suppose -2*i + r = -8. Is i prime?
False
Let v = -446 + 97. Let r = v + 215. Let w = r - -279. Is w composite?
True
Let j(n) = 0 - 2*n + 17*n**2 + 4 + 64*n**2 - 3. Suppose i = 4*m - 18, 2*m - 7 - 1 = 0. Is j(i) prime?
False
Suppose 0 = 2*f - 1114 + 400. Let p = -975 + f. Is -3*3/(27/p) composite?
True
Suppose -38*k - 62843 + 201885 = 0. Is k composite?
False
Suppose -2*q = -231 - 743. Is q a composite number?
False
Let f(y) = -948*y - 19. Is f(-6) a prime number?
True
Suppose -7 = -2*g + 3. Suppose g*f = -5*h + 1890, -3*h + 4*f + 325 = -774. Is h prime?
True
Suppose 23*h + 9619 = 24*h. Is h prime?
True
Is 16/((-16)/(-8)) - -2087 a prime number?
False
Let n(d) = 1 - 4*d + 3*d - 2*d. Let u(o) = o**3 - o**2 - 44*o - 14. Let i be u(-6). Is n(i) prime?
True
Suppose 0 = q - 104 - 199. Let z = q - 25. Is z a composite number?
True
Let q(l) = l**2 + 5*l + 4. Let f be (-7)/14*(-20)/(-2). Let o be q(f). Suppose 267 = -x + o*x. Is x a composite number?
False
Let j be 18/(-27)*4971/(-2). Suppose -4*t + 5*t = j. Is t composite?
False
Suppose -18*t = -15*t. Suppose 4*l = 2*o - 5*o + 169, -2*o - 3*l + 113 = t. Is o composite?
True
Let i(v) be the first derivative of -2*v**3/3 + 3*v**2 + 4*v - 4. Let c be i(5). Let h = c + 55. Is h a composite number?
True
Let q be (-2)/(-15) + 129/45. Suppose 2*w + 1094 = 2*t - w, -q*w = 12. Is t composite?
False
Suppose 41*w = 36*w + 1685. Suppose -3*f - l + w = 0, -4*f - 2*l + 341 = -f. Is f prime?
False
Let f = -27 - -52. Suppose -2*w - 3*w + f = 0. Suppose -15 = -w*y, -3*j + 87 = y - 5*y. Is j prime?
False
Let g = -47 - -53. Let q(h) = 24*h**2 - 7*h + 37. Is q(g) a prime number?
True
Let c(a) = -14*a**2 + 6*a + 6. Let v be c(-3). Let z = 281 + v. Is z a prime number?
False
Let f be 4/26 + 205136/26. Is (f/(-45))/((-2)/9) a prime number?
False
Suppose 3 = 6*h - 5*h, 2*h - 6319 = -o. Is o a prime number?
False
Let a(c) = 10*c**2 + 49*c + 272. Is a(-37) prime?
True
Suppose 1179159 + 495620 = 29*l. Is l a composite number?
False
Let j be (-1)/(-5) - (-42)/15. Suppose -j*t = t - 20. Suppose -484 = t*n - 1439. Is n prime?
True
Let i(u) = u**2 - 7*u + 16. Let y be i(3). Suppose y*g = 4*w - 1792, -g = 2*w - 5*w + 1334. Is w composite?
False
Let p be (-2)/(-2) + 0/(-1). Let n be p/(-1 - (-8)/4). Is (103 - -9) + 3*n a prime number?
False
Suppose -4*g + 4555 = g. Suppose -4*o = -5*s + 915, -4*s - 5*o = 220 - g. Is s a prime number?
True
Let k = 7600 + 5691. Is k a composite number?
False
Let g(d) = 91*d + 17. Let j(o) = 92*o + 17. Let b(u) = 3*g(u) - 2*j(u). Is b(10) a prime number?
True
Let t = 300 - 98. Let c(z) = z**3 + z**2 + 1368. Let y be c(0). Suppose 2*p + t = y. Is p composite?
True
Let h be ((-1)/(-3))/(2/36). Suppose j + h = 11, 1069 = 2*l + 3*j. Is l composite?
True
Suppose -27*m = -32*m + 5*o + 955, 3*m + 2*o - 578 = 0. Let q = 24 - 142. Let l = q + m. Is l a prime number?